{"id":42,"date":"2025-11-28T17:19:32","date_gmt":"2025-11-28T15:19:32","guid":{"rendered":"http:\/\/www.mirak.vlab.fi\/Pentulive\/?page_id=42"},"modified":"2025-11-28T17:19:32","modified_gmt":"2025-11-28T15:19:32","slug":"pentujen-ulkoilua","status":"publish","type":"page","link":"https:\/\/www.mirak.vlab.fi\/Pentulive\/index.php\/pentujen-ulkoilua\/","title":{"rendered":"Pentujen ulkoilua!"},"content":{"rendered":"\n<p>Pennut ulkoilivat ja s\u00f6iv\u00e4t t\u00e4n\u00e4\u00e4n ulkona. Pentujen ollessa ulkona saatiin pari vierailijaa pentunurkkaukseen..<\/p>\n\n\n\n<figure class=\"wp-block-image size-large\"><img loading=\"lazy\" decoding=\"async\" width=\"1024\" height=\"518\" src=\"http:\/\/www.mirak.vlab.fi\/Pentulive\/wp-content\/uploads\/2025\/11\/WhatsApp-Image-2025-11-28-at-17.11.58_e67d11a4-1024x518.jpg\" alt=\"\" class=\"wp-image-43\" srcset=\"https:\/\/www.mirak.vlab.fi\/Pentulive\/wp-content\/uploads\/2025\/11\/WhatsApp-Image-2025-11-28-at-17.11.58_e67d11a4-1024x518.jpg 1024w, https:\/\/www.mirak.vlab.fi\/Pentulive\/wp-content\/uploads\/2025\/11\/WhatsApp-Image-2025-11-28-at-17.11.58_e67d11a4-300x152.jpg 300w, https:\/\/www.mirak.vlab.fi\/Pentulive\/wp-content\/uploads\/2025\/11\/WhatsApp-Image-2025-11-28-at-17.11.58_e67d11a4-768x388.jpg 768w, https:\/\/www.mirak.vlab.fi\/Pentulive\/wp-content\/uploads\/2025\/11\/WhatsApp-Image-2025-11-28-at-17.11.58_e67d11a4-1536x777.jpg 1536w, https:\/\/www.mirak.vlab.fi\/Pentulive\/wp-content\/uploads\/2025\/11\/WhatsApp-Image-2025-11-28-at-17.11.58_e67d11a4-1200x607.jpg 1200w, https:\/\/www.mirak.vlab.fi\/Pentulive\/wp-content\/uploads\/2025\/11\/WhatsApp-Image-2025-11-28-at-17.11.58_e67d11a4.jpg 1889w\" sizes=\"auto, (max-width: 709px) 85vw, (max-width: 909px) 67vw, (max-width: 1362px) 62vw, 840px\" \/><\/figure>\n\n\n\n<p>Kasvattajan yksi koirista k\u00e4vi haistelemassa pentujen hajuja, olihan se nyt turvallista k\u00e4yd\u00e4 tuoksuttelemassa, kun ei ollut pikkuisia riivi\u00f6it\u00e4 jaloissa kiinni!<\/p>\n\n\n\n<figure class=\"wp-block-image size-large\"><img loading=\"lazy\" decoding=\"async\" width=\"1024\" height=\"580\" src=\"http:\/\/www.mirak.vlab.fi\/Pentulive\/wp-content\/uploads\/2025\/11\/WhatsApp-Image-2025-11-28-at-17.11.58_af0d8adb-1024x580.jpg\" alt=\"\" class=\"wp-image-44\" srcset=\"https:\/\/www.mirak.vlab.fi\/Pentulive\/wp-content\/uploads\/2025\/11\/WhatsApp-Image-2025-11-28-at-17.11.58_af0d8adb-1024x580.jpg 1024w, https:\/\/www.mirak.vlab.fi\/Pentulive\/wp-content\/uploads\/2025\/11\/WhatsApp-Image-2025-11-28-at-17.11.58_af0d8adb-300x170.jpg 300w, https:\/\/www.mirak.vlab.fi\/Pentulive\/wp-content\/uploads\/2025\/11\/WhatsApp-Image-2025-11-28-at-17.11.58_af0d8adb-768x435.jpg 768w, https:\/\/www.mirak.vlab.fi\/Pentulive\/wp-content\/uploads\/2025\/11\/WhatsApp-Image-2025-11-28-at-17.11.58_af0d8adb-1536x871.jpg 1536w, https:\/\/www.mirak.vlab.fi\/Pentulive\/wp-content\/uploads\/2025\/11\/WhatsApp-Image-2025-11-28-at-17.11.58_af0d8adb-1200x680.jpg 1200w, https:\/\/www.mirak.vlab.fi\/Pentulive\/wp-content\/uploads\/2025\/11\/WhatsApp-Image-2025-11-28-at-17.11.58_af0d8adb.jpg 1738w\" sizes=\"auto, (max-width: 709px) 85vw, (max-width: 909px) 67vw, (max-width: 1362px) 62vw, 840px\" \/><\/figure>\n\n\n\n<p>My\u00f6s perheen kissa k\u00e4vi tutustumassa koppiin ja siell\u00e4 oleviin leluihin.<\/p>\n\n\n\n<figure class=\"wp-block-image size-large\"><img loading=\"lazy\" decoding=\"async\" width=\"1024\" height=\"543\" src=\"http:\/\/www.mirak.vlab.fi\/Pentulive\/wp-content\/uploads\/2025\/11\/WhatsApp-Image-2025-11-28-at-17.11.58_30861a4e-1024x543.jpg\" alt=\"\" class=\"wp-image-45\" srcset=\"https:\/\/www.mirak.vlab.fi\/Pentulive\/wp-content\/uploads\/2025\/11\/WhatsApp-Image-2025-11-28-at-17.11.58_30861a4e-1024x543.jpg 1024w, https:\/\/www.mirak.vlab.fi\/Pentulive\/wp-content\/uploads\/2025\/11\/WhatsApp-Image-2025-11-28-at-17.11.58_30861a4e-300x159.jpg 300w, https:\/\/www.mirak.vlab.fi\/Pentulive\/wp-content\/uploads\/2025\/11\/WhatsApp-Image-2025-11-28-at-17.11.58_30861a4e-768x407.jpg 768w, https:\/\/www.mirak.vlab.fi\/Pentulive\/wp-content\/uploads\/2025\/11\/WhatsApp-Image-2025-11-28-at-17.11.58_30861a4e-1536x814.jpg 1536w, https:\/\/www.mirak.vlab.fi\/Pentulive\/wp-content\/uploads\/2025\/11\/WhatsApp-Image-2025-11-28-at-17.11.58_30861a4e-1200x636.jpg 1200w, https:\/\/www.mirak.vlab.fi\/Pentulive\/wp-content\/uploads\/2025\/11\/WhatsApp-Image-2025-11-28-at-17.11.58_30861a4e.jpg 1839w\" sizes=\"auto, (max-width: 709px) 85vw, (max-width: 909px) 67vw, (max-width: 1362px) 62vw, 840px\" \/><\/figure>\n\n\n\n<p>&#8230;ja sitten huomattiinkin kamera!<\/p>\n\n\n\n<p>Pentusten ulkoiluhetki sujui hyvin, ja pennut p\u00e4\u00e4siv\u00e4t turvallisesti takaisin pentunurkkaukseen \ud83d\ude42 Tosin, osa pennusta yritti heti takaisin pois kopista kun v\u00e4h\u00e4nkin silm\u00e4 v\u00e4itti..<\/p>\n\n\n\n<figure class=\"wp-block-image size-large\"><img loading=\"lazy\" decoding=\"async\" width=\"1024\" height=\"548\" src=\"http:\/\/www.mirak.vlab.fi\/Pentulive\/wp-content\/uploads\/2025\/11\/Screenshot-2025-11-28-171320-1024x548.png\" alt=\"\" class=\"wp-image-46\" srcset=\"https:\/\/www.mirak.vlab.fi\/Pentulive\/wp-content\/uploads\/2025\/11\/Screenshot-2025-11-28-171320-1024x548.png 1024w, https:\/\/www.mirak.vlab.fi\/Pentulive\/wp-content\/uploads\/2025\/11\/Screenshot-2025-11-28-171320-300x161.png 300w, https:\/\/www.mirak.vlab.fi\/Pentulive\/wp-content\/uploads\/2025\/11\/Screenshot-2025-11-28-171320-768x411.png 768w, https:\/\/www.mirak.vlab.fi\/Pentulive\/wp-content\/uploads\/2025\/11\/Screenshot-2025-11-28-171320-1200x642.png 1200w, https:\/\/www.mirak.vlab.fi\/Pentulive\/wp-content\/uploads\/2025\/11\/Screenshot-2025-11-28-171320.png 1471w\" sizes=\"auto, (max-width: 709px) 85vw, (max-width: 909px) 67vw, (max-width: 1362px) 62vw, 840px\" \/><\/figure>\n\n\n\n<p>Pienet karkailijat siell\u00e4!<\/p>\n\n\n\n<p>Ja sitten odoteltiinkin kiltisti rapsutuksia yhdess\u00e4 \ud83d\ude42<\/p>\n\n\n\n<figure class=\"wp-block-image size-large\"><img loading=\"lazy\" decoding=\"async\" width=\"1024\" height=\"773\" src=\"http:\/\/www.mirak.vlab.fi\/Pentulive\/wp-content\/uploads\/2025\/11\/Screenshot-2025-11-28-171338-1024x773.png\" alt=\"\" class=\"wp-image-47\" srcset=\"https:\/\/www.mirak.vlab.fi\/Pentulive\/wp-content\/uploads\/2025\/11\/Screenshot-2025-11-28-171338-1024x773.png 1024w, https:\/\/www.mirak.vlab.fi\/Pentulive\/wp-content\/uploads\/2025\/11\/Screenshot-2025-11-28-171338-300x226.png 300w, https:\/\/www.mirak.vlab.fi\/Pentulive\/wp-content\/uploads\/2025\/11\/Screenshot-2025-11-28-171338-768x579.png 768w, https:\/\/www.mirak.vlab.fi\/Pentulive\/wp-content\/uploads\/2025\/11\/Screenshot-2025-11-28-171338.png 1104w\" sizes=\"auto, (max-width: 709px) 85vw, (max-width: 909px) 67vw, (max-width: 1362px) 62vw, 840px\" \/><\/figure>\n\n\n\n<p><\/p>\n","protected":false},"excerpt":{"rendered":"<p>Pennut ulkoilivat ja s\u00f6iv\u00e4t t\u00e4n\u00e4\u00e4n ulkona. Pentujen ollessa ulkona saatiin pari vierailijaa pentunurkkaukseen.. Kasvattajan yksi koirista k\u00e4vi haistelemassa pentujen hajuja, olihan se nyt turvallista k\u00e4yd\u00e4 tuoksuttelemassa, kun ei ollut pikkuisia riivi\u00f6it\u00e4 jaloissa kiinni! My\u00f6s perheen kissa k\u00e4vi tutustumassa koppiin ja siell\u00e4 oleviin leluihin. &#8230;ja sitten huomattiinkin kamera! Pentusten ulkoiluhetki sujui hyvin, ja pennut p\u00e4\u00e4siv\u00e4t turvallisesti &hellip; <a href=\"https:\/\/www.mirak.vlab.fi\/Pentulive\/index.php\/pentujen-ulkoilua\/\" class=\"more-link\">Continue reading<span class=\"screen-reader-text\"> &#8220;Pentujen ulkoilua!&#8221;<\/span><\/a><\/p>\n","protected":false},"author":1,"featured_media":0,"parent":0,"menu_order":0,"comment_status":"closed","ping_status":"closed","template":"","meta":{"footnotes":""},"class_list":["post-42","page","type-page","status-publish","hentry"],"_links":{"self":[{"href":"https:\/\/www.mirak.vlab.fi\/Pentulive\/index.php\/wp-json\/wp\/v2\/pages\/42","targetHints":{"allow":["GET"]}}],"collection":[{"href":"https:\/\/www.mirak.vlab.fi\/Pentulive\/index.php\/wp-json\/wp\/v2\/pages"}],"about":[{"href":"https:\/\/www.mirak.vlab.fi\/Pentulive\/index.php\/wp-json\/wp\/v2\/types\/page"}],"author":[{"embeddable":true,"href":"https:\/\/www.mirak.vlab.fi\/Pentulive\/index.php\/wp-json\/wp\/v2\/users\/1"}],"replies":[{"embeddable":true,"href":"https:\/\/www.mirak.vlab.fi\/Pentulive\/index.php\/wp-json\/wp\/v2\/comments?post=42"}],"version-history":[{"count":1,"href":"https:\/\/www.mirak.vlab.fi\/Pentulive\/index.php\/wp-json\/wp\/v2\/pages\/42\/revisions"}],"predecessor-version":[{"id":49,"href":"https:\/\/www.mirak.vlab.fi\/Pentulive\/index.php\/wp-json\/wp\/v2\/pages\/42\/revisions\/49"}],"wp:attachment":[{"href":"https:\/\/www.mirak.vlab.fi\/Pentulive\/index.php\/wp-json\/wp\/v2\/media?parent=42"}],"curies":[{"name":"wp","href":"https:\/\/api.w.org\/{rel}","templated":true}]}}